b composite?
True
Let d = -47180 + 114487. Is d a composite number?
False
Is 6902/16 - -10*33/(-880) a composite number?
False
Let y be (-6)/(-4)*(-14)/7 - -32797. Is 2*4/(-32) + y/8 a composite number?
False
Let s = 413112 + -157033. Is s a prime number?
True
Suppose 32*r + 12*r + 10*r - 4632174 = 0. Is r composite?
False
Let c = 1361 - 133. Let m = 10 - 5. Suppose m*f - 9*f + c = 0. Is f a composite number?
False
Let u = 443 - 439. Suppose z - 2*z + 13305 = -2*r, -2*z - u*r + 26618 = 0. Is z a prime number?
False
Suppose -x + 18349 = 3*m, -m + 6*x - x + 6095 = 0. Is m a composite number?
True
Suppose 239637 = 4*c - z, -17*z - 119816 = -2*c - 19*z. Is c a prime number?
False
Suppose 5 = t, 5*v - 10 = 11*t - 10*t. Suppose -4*j + 26548 = a + a, 0 = 3*j - v*a - 19893. Is j prime?
False
Let x(j) = -102*j + 133. Let k(q) = -q**3 - 3*q**2 + q - 4. Let r be k(0). Is x(r) prime?
True
Let k(g) = 143*g**2 - 302*g + 71. Is k(-48) a composite number?
False
Suppose -9*x = -4*x + 4*p + 43, 2*x - 3*p = -31. Is x/(-66) - (-1163)/6 a prime number?
False
Let h(c) = 24*c**2 + 24*c + 35. Let q be h(17). Suppose -11*t = -21492 + q. Is t prime?
True
Let z be (-3 - -2)/(14/(-98)). Suppose -12*f + z*f = -4015. Is f prime?
False
Let t(s) = -s**3 - 12*s**2 + 13*s - 10. Let f be t(8). Let v = -707 - f. Is v prime?
True
Let u = -359 - -355. Let i(c) = -87*c**3 - 5*c**2 - 9*c - 5. Is i(u) a prime number?
True
Let r(i) = -6*i**3 - 17*i**2 - 28*i - 22. Let y be r(-16). Let n = y - 8583. Is n a prime number?
False
Suppose -5*y + 3*t + 59 = 0, t - 2 = -0*t. Suppose -5*u - y = -s, 3*s + 2*u = 42 + 48. Suppose -3*f + 0*f = 2*i - 97, -f + s = 5*i. Is f composite?
True
Suppose 0 = 5*i + 4*i + 1278. Let v be (i/(-8))/(19/228). Suppose -701 + v = -4*o. Is o a composite number?
True
Suppose y = 6*y - 20. Suppose 5*l = 0, 0 = -4*m + 4*l - 5*l. Suppose -5*h + y*v + 800 + 955 = m, 2*h - 735 = -5*v. Is h prime?
False
Suppose 20283586 = 91*s - 23261166 + 4310739. Is s a prime number?
False
Let h(c) = c**3 + 20*c**2 - 19*c + 82. Let n be h(-21). Suppose 130167 = n*z - 64273. Is z prime?
True
Suppose g - 260601 = -1026*o + 1025*o, 0 = 4*g - 5*o - 1042440. Is g a composite number?
True
Let b be ((-20)/(-28) + 4/14)*7. Let z = -2 + b. Suppose 583 = z*u + 168. Is u a prime number?
True
Let c(h) = -16*h**2 + 22*h + 42. Let j be c(-2). Is 165/j - 42283/(-2) prime?
True
Suppose -13 = -13*g + 12*g. Suppose 10 - g = -p. Suppose p = -r + 7, r + 48 = 4*q. Is q a prime number?
True
Suppose -5*d + 5*y + 5267035 = -888835, -4*y - 2462354 = -2*d. Is d a prime number?
True
Is (2633217/(-120)*-8)/(1/5) a prime number?
True
Let w(a) be the second derivative of a**3/6 + 21*a**2/2 + 9*a. Let t be w(-9). Let u(y) = -y**3 + 14*y**2 + 17*y - 5. Is u(t) a prime number?
True
Let g = -72379 + 177698. Is g a composite number?
False
Let j(g) = -249*g + 5. Suppose f = 2 - 8. Is j(f) a composite number?
False
Suppose -85393 = -z - 3*v, 4*z - 4*v + 25459 - 366967 = 0. Is z prime?
True
Let b = -797 - -783. Is (823294/(-511))/(2/b) a composite number?
True
Let u(g) = -g + 13. Let j be u(9). Suppose 2*x + 250 = -j*i, 4*x - 5*x - 188 = 3*i. Let k = -10 - i. Is k a composite number?
False
Let z(d) = -2*d**2 + 3. Let k be z(0). Suppose 0 = k*m - 5*m + 20. Is 4/(-8) - (-2515)/m a composite number?
False
Suppose -s + 15805 = 2*g, 5*g - 22*s = -17*s + 39490. Is g a prime number?
True
Let h = -61881 + 163838. Is h a composite number?
False
Suppose 15*p - 216731 = 559534. Is p a prime number?
False
Suppose 3037796 = 4461*z - 4385*z. Is z a prime number?
True
Suppose 3*r - x - 5 = -2*x, -3*r - 2*x = -10. Suppose r = k - 23 - 464. Suppose 2*h - k + 81 = 0. Is h a prime number?
False
Let s = 38462 + -7479. Is s composite?
False
Suppose 0 = 2*i - 5*q - 90010, 102296 = 4*i + 5*q - 77664. Is i composite?
True
Let b be 1055/25 + 8 - (-2)/(-10). Suppose 54232 = -b*a + 58*a. Is a composite?
False
Let l(d) = 81*d**3 - 7*d**2 - 87*d - 272. Is l(33) prime?
False
Suppose -2*d + 2*y = -58834, 287*d + y = 291*d - 117644. Is d a prime number?
False
Suppose 0 = -3*z - 2*p - 3*p - 22283, 0 = 2*z + 4*p + 14858. Let l(b) = 1273*b - 113. Let j be l(11). Let g = j + z. Is g composite?
False
Is 12/60*1*-2893*(-3 + -2) prime?
False
Suppose 23*t - 40414361 = 7426950. Is t a composite number?
True
Let t(i) = 267*i**2 - 5*i + 10. Let k be t(4). Let r = k - 848. Suppose -r = -2*o - h, -7*o + 2*o = -h - 8549. Is o composite?
False
Let j be 2/((-2)/1)*-12313. Suppose 0*z = 7*z - j. Is z a composite number?
False
Let r be 6483 + (-2 - -8 - 3). Suppose 3*j = r + 2295. Is j composite?
False
Let q(y) = 77*y**2 - 132*y + 2. Is q(-7) composite?
True
Let u(q) = 5761*q**2 + 10*q - 38. Is u(3) prime?
False
Suppose 30800 + 19530 = -2*y. Let q = -432 - y. Is q composite?
False
Suppose 4*f = 3*i - 155015 + 1493261, 5*f - 3*i - 1672809 = 0. Is f a prime number?
False
Suppose -3*i + 3197 = -4*g, 0 = -6*g + 5*g - i - 808. Let b = 1548 + g. Is b a composite number?
True
Let n = 2118 + -2112. Let w(u) be the third derivative of 7*u**5/30 - 3*u**4/8 + u**3/6 - u**2. Is w(n) prime?
False
Let f(y) = 7574*y**2 - 178*y - 359. Is f(-2) composite?
False
Let a = 31773 + -18291. Suppose 0 = 2*s + 2*l - a, -l = -5 + 1. Is s a prime number?
True
Suppose -n - 3*z = 4*n + 103, -4*z + 96 = -5*n. Is 8/(-80) - (-4 + 19262/n) prime?
True
Suppose 5*u - 11859 = 2*u. Is u composite?
True
Let q(y) be the third derivative of 73*y**5/60 - 11*y**4/12 - 2*y**3 - y**2. Let p be ((-20)/(-6))/((-8)/24) - (-5 - -2). Is q(p) composite?
False
Suppose 3*s = 7*s + 2136. Let j(w) = 261*w**2 + 2*w - 1. Let m be j(-2). Let g = s + m. Is g a composite number?
True
Suppose 3*j - 3*z - 228 = 0, -2*j - 5*z + 175 = 30. Let d = j - 53. Suppose 19*y - d*y = -3411. Is y a composite number?
True
Let l(a) = a**3 - 9*a**2 + 4*a + 8. Let n be l(9). Suppose 4*i - v - n = 308, 0 = 5*i + 2*v - 453. Is i prime?
True
Let l be (-23)/(-7) + -3 + (-57)/(-21). Suppose -2*t = 3*i - 1317, -l*i = -t - 0*t - 1317. Is i composite?
False
Suppose -s + 3*x = -199034, -10*s + 3*s = 3*x - 1393358. Is s a prime number?
True
Suppose -2062*f + 2003*f + 3950581 = 0. Is f composite?
False
Let s(b) = b**2 - 8*b. Let z be s(8). Let u be (28488/(-2))/(2/(-15)*5). Suppose z = -19*r + 13*r + u. Is r a composite number?
True
Let q(l) = -2646*l - 86. Let j be q(-13). Let u = j + -22511. Is u a composite number?
False
Suppose -40 = -5*w + 3*p, 3*p + 25 = w - p. Suppose -w*s + 3 = -7. Suppose -3*x + s*u - 5*u + 174 = 0, 0 = 4*x + 3*u - 229. Is x a prime number?
False
Is 61786 - (((-30)/(-4))/15 + (-9)/(-2)) a prime number?
True
Let f(l) = 75*l**2 - 72*l + 326. Is f(-43) composite?
False
Let i(h) = 268*h**3 + 2*h**2 + 2*h - 3. Let r be (-276)/621*18/(-4). Is i(r) a composite number?
False
Suppose -5*o = 3*s + 12, -3*o + 13 = -4*s - 3. Is ((-92577)/(-27) - s) + (-2)/(-9) composite?
False
Suppose 5*o = 2*s + 88037, 3*o - 15*s + 17*s = 52835. Is o a composite number?
False
Let c(i) = -3*i - 25. Let m be c(-46). Let z = -143 - -519. Let f = z - m. Is f a prime number?
True
Let v = -80 - -65. Let m be (48/v - -2)*(-5)/2. Suppose -12*a + 5661 = -m*a. Is a a prime number?
False
Let m(o) = 16*o**2 - o - 13. Let y = 134 + -128. Is m(y) composite?
False
Is ((-5)/100 + 147/(-1260))/((-1)/391722) a prime number?
True
Suppose 0 = 5*m - 3*l - 30, -5*m - 8 = 4*l - 3. Suppose -3*h + 6 = -9, 0 = 3*c + 5*h - 802. Suppose -5*v + c = -m*i, i - 214 = -7*v + 3*v. Is v composite?
False
Let b be (18/15)/((-36)/(-60)). Is (597/(-2))/(b + (-284)/136) composite?
True
Let o(n) = 85*n**2 - 128*n + 58. Is o(9) a composite number?
False
Let i(y) = y**3 - 6*y**2 + 4*y. Let w be i(7). Let r = w + -76. Is (-2579)/r*(-9 - -8) prime?
True
Is 4/5*(-39219020)/(-464) composite?
False
Suppose -7*q = -14 - 14. Suppose 0 = c + q*w - 5*w, -16 = -3*c - w. Is 2072/16 - 2/c a prime number?
False
Let l = -80988 + 170605. Is l prime?
False
Suppose -12*o + 193246 = 30*o + 4*o. Is o prime?
True
Let k be (22 + -21)/(1/(-3)). Is (k/6)/(4/(-3496)) composite?
True
Let c(s) = s. Let h(q) = -3*q - 31. Suppose -3*b + 8 = -4*j - j, -5*b = -2*j - 7. Let l(i) = j*h(i) + 5*c(i). Is l(8) prime?
False
Is 2/(-6) - (-20324220)/126 composite?
False
Let y = 236 - 227. Let m(w) = 494*w - 55. Is m(y) composite?
False
